*36. Calculate the highest common factor of 72 and i.
18
Suppose 2*p + 20 = 5*w, 4*p + 3*w = 7*w - 16. Let l be p + 3 + (-1 - -15). Calculate the highest common divisor of l and 34.
17
Suppose -3*l = -4*z - 5 + 1, 14 = 3*z + 2*l. What is the highest common divisor of 22 and z?
2
Let c = 128 + -88. What is the greatest common factor of 280 and c?
40
Suppose 5*y - 88 = 12. Suppose -4*t + 19 = 2*v + v, y = 5*t. What is the highest common factor of 9 and v?
1
Suppose -2 = -2*j + 4*j. Let l be (-1)/1*j - 5. Let z = 6 - l. What is the highest common divisor of z and 10?
10
Suppose 5*b - 5*c + c = 41, 0 = 3*b + c - 11. Calculate the greatest common divisor of 45 and b.
5
Suppose -5*x + 3*d = -443, 0*x - 3*x - 3*d = -285. What is the greatest common factor of 13 and x?
13
Suppose -5*x = -4*m + 742, -2*m + 4*x + 222 = -146. Calculate the highest common factor of m and 47.
47
Let u(k) = -12*k - 3. Let a(r) = -32*r - 4*r - 2 - 6. Let c(m) = 4*a(m) - 11*u(m). Let x be c(-1). Calculate the greatest common factor of x and 39.
13
Let j(u) = -10. Let b(y) = y - 10. Let m(q) = -5*b(q) + 6*j(q). Let a be m(-7). Calculate the greatest common factor of a and 10.
5
Let i(w) = -w**3 + w**2 + 2*w + 5. Let j be i(-3). What is the greatest common factor of j and 5?
5
Let b(y) = 8*y + 7. Let h be b(13). Let p be 3/(-9) + h/9. Calculate the greatest common factor of p and 108.
12
Let q be (8/(-6))/((-36)/162). What is the highest common factor of 18 and q?
6
Let k(n) = 4 + 0 - 4*n - 1 - n**3 + 5*n**2. Let c be k(3). Calculate the greatest common divisor of 1 and c.
1
Suppose 5*w = 4*t + 180, -w - 4*w - 2*t = -150. What is the greatest common factor of w and 80?
16
Let t(d) = d**3 + 4*d**2 - 7*d + 8. Let n be t(-6). Let g = 17 - n. Let z = -14 + g. What is the greatest common divisor of z and 10?
5
Let i = 63 + -62. What is the highest common divisor of 1 and i?
1
Suppose 5*t - 9 = 61. Suppose -5*u - 176 = -u. Let z = -23 - u. Calculate the highest common factor of t and z.
7
Let y(a) = 7*a**2 + a. Let h be y(-2). Suppose -3*i = -46 - h. Suppose 0 = 3*l - 12 - 6. Calculate the greatest common divisor of l and i.
6
Let x be -1*(-1)/(-1) + 4. Suppose -2*q - x*q = -180. What is the highest common divisor of 24 and q?
12
Let l = 108 + 6. Let q be l - (-4 - 9/(-3)). Calculate the highest common divisor of q and 23.
23
Let q = 14 - -2. Calculate the greatest common divisor of q and 8.
8
Let y(a) = 2*a**2 + 9*a - 5. Let r be y(6). Let q(u) = -21*u. Let c be q(-1). Let i = c + -10. Calculate the greatest common factor of r and i.
11
Let d = 3 - -6. What is the highest common factor of 3 and d?
3
Suppose 3*s + 10 = 31. What is the greatest common divisor of s and 49?
7
Let k = 10 - 6. Suppose -5*h + 3 = -22. Suppose 10*n - 100 = h*n. Calculate the greatest common divisor of k and n.
4
Suppose -4*y - h + 4 = 0, 3 = -y + 3*h + 17. What is the greatest common factor of y and 10?
2
Suppose a - 240 = -4*a. Let i be 4/28 - (-1)/(-7). Suppose l - 46 = -4*g, -g - l + 16 - 6 = i. Calculate the highest common factor of a and g.
12
Suppose h + 0*k = 3*k + 15, 0 = 5*h + k - 75. Let f = 43 - 13. Calculate the greatest common divisor of f and h.
15
Let x = -15 - -23. Suppose 5*f - 4*r = 41, f + 5*r = 22 - x. Calculate the greatest common divisor of f and 72.
9
Let l(h) = h**2 - 6*h - 2. Let a be l(7). Let x be -2 + (2 - -10) - 1. Let z = x - a. Calculate the highest common factor of 4 and z.
4
Let n(j) = 2*j - 2*j + 2*j**2. Let v be 6/4*40/15. Let d be n(v). Calculate the highest common divisor of d and 16.
16
Let i(d) = -24*d + 15. Let b be i(-9). Suppose -4*m = 261 + 223. Let r = m + b. What is the highest common divisor of 10 and r?
10
Suppose d - 4*x - 1100 = -3*d, d - 4*x - 272 = 0. What is the highest common divisor of d and 12?
12
Suppose -4*c - c + 3*g = -38, 3*c - 4*g - 25 = 0. Calculate the greatest common factor of c and 35.
7
Let q = 143 - -48. Let o = q - 136. What is the greatest common factor of 22 and o?
11
Let i(y) = -9*y**3 - y - 1. Let o be i(-1). Let m = o - 0. What is the greatest common divisor of 27 and m?
9
Suppose -15 = 5*q + 15. Let r be 82/3 - 4/q. Let d = r + 8. What is the greatest common factor of 4 and d?
4
Let w be -6*(-3)/18*8. What is the greatest common factor of w and 16?
8
Let m = 0 + 16. Calculate the highest common divisor of 16 and m.
16
Suppose 4*j = 15*j - 297. Calculate the highest common divisor of j and 9.
9
Let v = 9 + 117. What is the greatest common factor of 18 and v?
18
Suppose 31 = 4*t + 11. Suppose 3*w - 7 - t = 0. Suppose -w*s + 11 + 60 = 3*b, -4*s + b = -51. Calculate the highest common factor of s and 42.
14
Suppose -5*y = -0*y - 75. Let j = 2 - 0. Suppose j*z = 10 + 2. What is the greatest common divisor of z and y?
3
Suppose t - 452 = -8*q + 3*q, 5*q = 4*t + 442. Calculate the greatest common divisor of q and 18.
18
Let h = -9 + 3. Let w(i) = -i**2 - 7*i + 1. Let b be w(h). Let n(s) = 13*s - 4. Let f be n(3). Calculate the greatest common factor of b and f.
7
Suppose 11 = h + 2. Suppose -3*w + h = 0, -4*z + w + 69 = -4*w. What is the greatest common factor of 14 and z?
7
Let i(n) = 8*n - 12. Let f be i(2). Let l = 5 - 7. Let m be 4/((-2)/(l*1)). What is the greatest common factor of f and m?
4
Let o be (5/5)/(4/100). Calculate the highest common divisor of o and 5.
5
Let h be (-18)/5 + 15/25. Let u be 3*(-2 - (-4)/h). Let o be (-4)/(-20) - 128/u. Calculate the greatest common divisor of o and 117.
13
Suppose -5*j + 604 = -4*b, 5*j - 2*j = 2*b + 362. Let k = -1074 - -1104. What is the greatest common divisor of k and j?
30
Let b = -21 - -42. Calculate the highest common divisor of 42 and b.
21
Suppose 0*z + 2*z = u - 4, -3*u + 12 = 3*z. Suppose -u*p + 3*p = -6. Suppose 3*f - 2*f = 42. What is the greatest common factor of p and f?
6
Let l be (-20)/125*-5*10. Calculate the greatest common divisor of 56 and l.
8
Suppose 5*g = -2*y + 562, 0*g - 3*y = -3*g + 333. Calculate the greatest common divisor of g and 16.
16
Let l(h) = -4*h - 7. Let s be l(-5). Let f be 2 - s/(1/(-1)). Let p = 2 - -13. What is the highest common factor of f and p?
15
Suppose 0 = 2*j - 0*j - 10. Suppose 2*a - 5*b - 27 = 0, -4*a + j*b - 4*b + 9 = 0. Suppose -4*y + 383 = -a. Calculate the greatest common factor of 12 and y.
12
Suppose 0*y + 5*y - 40 = 0. What is the greatest common divisor of y and 20?
4
Let j(x) = 0*x + 6*x + 1 - 8*x + 0*x. Let s be j(-9). What is the greatest common factor of s and 38?
19
Suppose l = 3*l + 8. Let y = l + 13. What is the greatest common divisor of 81 and y?
9
Let x(a) = -a**2 + 5*a. Let s be x(6). Let g(w) = -w**3 + 6*w**2 - 5*w - 1. Let q be g(5). Let p = q - s. Calculate the greatest common divisor of 1 and p.
1
Let o(s) = 6*s**3 + 4*s**2 + 4*s + 2. Let r be o(-2). Let a be (-4)/6*-3 - r. What is the greatest common divisor of 8 and a?
8
Suppose -260 = -2*t - 3*t. Suppose -4 + t = 4*a. What is the greatest common factor of 18 and a?
6
Suppose -2*y + 34 = -0*y - 2*x, -2*y + 24 = 3*x. Let i be 1209/9 + 4/6. What is the greatest common factor of i and y?
15
Suppose 5*x - 105 = -5*i, 16 = 4*i - 3*x - 75. Let h = -13 - -15. Let s be i*(27/6 - h). What is the highest common factor of s and 5?
5
Suppose d - 14 = -4*b + 45, 2*b + 3*d - 37 = 0. What is the greatest common divisor of b and 28?
14
Let w = 2 + 0. Suppose -3*r + w*g + 12 = -g, 5*g = -5. What is the greatest common factor of r and 2?
1
Let d = -18 - -46. Suppose y + 5*t - 153 = 0, y - 135 = -2*t + 6*t. Let b = y - 73. Calculate the highest common factor of d and b.
14
Suppose -22 = 2*r - 94. Suppose 4*x = 64 - 16. What is the greatest common factor of x and r?
12
Let x be (-3*6)/(-2) + 5. What is the highest common divisor of x and 308?
14
Suppose 3*b - 110 = 4*p - 38, 51 = 3*b + 3*p. Calculate the greatest common factor of 20 and b.
20
Let v(h) be the third derivative of 2*h**5/15 + h**4/24 + 4*h**2. Let u be v(-1). Suppose -6*t - 8 = -u*t. What is the highest common divisor of 56 and t?
8
Let k(v) = -v**3 + 19*v**2 + v - 3. Let a be k(19). Calculate the greatest common factor of 80 and a.
16
Let o(q) = q + 2. Let b(y) = -y - 5. Let x be b(-5). Let v be o(x). What is the highest common factor of 5 and v?
1
Suppose -2*b = -4*b. Suppose 0 = 2*v + 5*d + 7, v + 4*d = -b*v - 11. L